{"id":15,"date":"2025-08-12T19:02:31","date_gmt":"2025-08-12T17:02:31","guid":{"rendered":"https:\/\/vibram.com.pl\/?page_id=15"},"modified":"2025-09-16T16:37:06","modified_gmt":"2025-09-16T14:37:06","slug":"strona-glowna","status":"publish","type":"page","link":"https:\/\/vibram.com.pl\/?page_id=15","title":{"rendered":"Strona g\u0142\u00f3wna"},"content":{"rendered":"<p><img loading=\"lazy\" decoding=\"async\" width=\"831\" height=\"315\" src=\"https:\/\/vibram.com.pl\/wp-content\/uploads\/2025\/08\/310306353_571957521396948_730414282836949764_n.png\" alt=\"\" srcset=\"https:\/\/vibram.com.pl\/wp-content\/uploads\/2025\/08\/310306353_571957521396948_730414282836949764_n.png 831w, https:\/\/vibram.com.pl\/wp-content\/uploads\/2025\/08\/310306353_571957521396948_730414282836949764_n-300x114.png 300w, https:\/\/vibram.com.pl\/wp-content\/uploads\/2025\/08\/310306353_571957521396948_730414282836949764_n-768x291.png 768w\" sizes=\"auto, (max-width: 831px) 100vw, 831px\" \/>\t\t\t\t\t\t\t\t\t\t\t\t\t\t\t\t\t\t<\/p>\n<p>Hurtownia VIBRAM<\/p>\n<p>Nie czekaj i zadzwo\u0144 do nas ju\u017c dzi\u015b <br \/><a href=\"tel:+48512484925\">512 484 925<\/a><\/p>\n<p>Polecane kategorie<\/p>\n<figure>\n\t\t\t\t\t\t\t\t\t\t\t<a href=\"#\"><br \/>\n\t\t\t\t\t\t\t<img loading=\"lazy\" decoding=\"async\" width=\"1024\" height=\"774\" src=\"https:\/\/vibram.com.pl\/wp-content\/uploads\/2025\/09\/NOWE_KOLORY_LISTW_PIONOWYCH-1-1024x774.jpg\" alt=\"\" srcset=\"https:\/\/vibram.com.pl\/wp-content\/uploads\/2025\/09\/NOWE_KOLORY_LISTW_PIONOWYCH-1-1024x774.jpg 1024w, https:\/\/vibram.com.pl\/wp-content\/uploads\/2025\/09\/NOWE_KOLORY_LISTW_PIONOWYCH-1-300x227.jpg 300w, https:\/\/vibram.com.pl\/wp-content\/uploads\/2025\/09\/NOWE_KOLORY_LISTW_PIONOWYCH-1-768x581.jpg 768w, https:\/\/vibram.com.pl\/wp-content\/uploads\/2025\/09\/NOWE_KOLORY_LISTW_PIONOWYCH-1-1536x1161.jpg 1536w, https:\/\/vibram.com.pl\/wp-content\/uploads\/2025\/09\/NOWE_KOLORY_LISTW_PIONOWYCH-1-2048x1548.jpg 2048w\" sizes=\"auto, (max-width: 1024px) 100vw, 1024px\" \/>\t\t\t\t\t\t\t\t<\/a><figcaption>Listwy ogrodzeniowe<\/figcaption><\/figure>\n<figure>\n\t\t\t\t\t\t\t\t\t\t\t<a href=\"#\"><br \/>\n\t\t\t\t\t\t\t<img loading=\"lazy\" decoding=\"async\" width=\"800\" height=\"642\" src=\"https:\/\/vibram.com.pl\/wp-content\/uploads\/2025\/09\/pol_pl_Przeslo-ogrodzeniowe-poziome-200x120-czarne-RAL-9005-poziome-145651_2.jpg\" alt=\"\" srcset=\"https:\/\/vibram.com.pl\/wp-content\/uploads\/2025\/09\/pol_pl_Przeslo-ogrodzeniowe-poziome-200x120-czarne-RAL-9005-poziome-145651_2.jpg 800w, https:\/\/vibram.com.pl\/wp-content\/uploads\/2025\/09\/pol_pl_Przeslo-ogrodzeniowe-poziome-200x120-czarne-RAL-9005-poziome-145651_2-300x241.jpg 300w, https:\/\/vibram.com.pl\/wp-content\/uploads\/2025\/09\/pol_pl_Przeslo-ogrodzeniowe-poziome-200x120-czarne-RAL-9005-poziome-145651_2-768x616.jpg 768w\" sizes=\"auto, (max-width: 800px) 100vw, 800px\" \/>\t\t\t\t\t\t\t\t<\/a><figcaption>Ogrodzenia i bramy<\/figcaption><\/figure>\n<figure>\n\t\t\t\t\t\t\t\t\t\t\t<a href=\"#\"><br \/>\n\t\t\t\t\t\t\t<img loading=\"lazy\" decoding=\"async\" width=\"800\" height=\"800\" src=\"https:\/\/vibram.com.pl\/wp-content\/uploads\/2025\/09\/pol_pl_Zestaw-3-pojemnikow-do-przechowywania-kawa-herbata-cukier-145788_1.jpg\" alt=\"\" srcset=\"https:\/\/vibram.com.pl\/wp-content\/uploads\/2025\/09\/pol_pl_Zestaw-3-pojemnikow-do-przechowywania-kawa-herbata-cukier-145788_1.jpg 800w, https:\/\/vibram.com.pl\/wp-content\/uploads\/2025\/09\/pol_pl_Zestaw-3-pojemnikow-do-przechowywania-kawa-herbata-cukier-145788_1-300x300.jpg 300w, https:\/\/vibram.com.pl\/wp-content\/uploads\/2025\/09\/pol_pl_Zestaw-3-pojemnikow-do-przechowywania-kawa-herbata-cukier-145788_1-150x150.jpg 150w, https:\/\/vibram.com.pl\/wp-content\/uploads\/2025\/09\/pol_pl_Zestaw-3-pojemnikow-do-przechowywania-kawa-herbata-cukier-145788_1-768x768.jpg 768w, https:\/\/vibram.com.pl\/wp-content\/uploads\/2025\/09\/elementor\/thumbs\/pol_pl_Zestaw-3-pojemnikow-do-przechowywania-kawa-herbata-cukier-145788_1-rbufwbo1s290pajh6r6q6gpufyk7nr8ao0mhfkpc5s.jpg 200w\" sizes=\"auto, (max-width: 800px) 100vw, 800px\" \/>\t\t\t\t\t\t\t\t<\/a><figcaption>Akcesoria kuchenne<\/figcaption><\/figure>\n<figure>\n\t\t\t\t\t\t\t\t\t\t\t<a href=\"#\"><br \/>\n\t\t\t\t\t\t\t<img loading=\"lazy\" decoding=\"async\" width=\"800\" height=\"800\" src=\"https:\/\/vibram.com.pl\/wp-content\/uploads\/2025\/09\/pol_pl_-Plytki-tarasowe-tloczone-WPC-11-szt-30x30cm-1m2-kolor-tek-113487_1.jpg\" alt=\"\" srcset=\"https:\/\/vibram.com.pl\/wp-content\/uploads\/2025\/09\/pol_pl_-Plytki-tarasowe-tloczone-WPC-11-szt-30x30cm-1m2-kolor-tek-113487_1.jpg 800w, https:\/\/vibram.com.pl\/wp-content\/uploads\/2025\/09\/pol_pl_-Plytki-tarasowe-tloczone-WPC-11-szt-30x30cm-1m2-kolor-tek-113487_1-300x300.jpg 300w, https:\/\/vibram.com.pl\/wp-content\/uploads\/2025\/09\/pol_pl_-Plytki-tarasowe-tloczone-WPC-11-szt-30x30cm-1m2-kolor-tek-113487_1-150x150.jpg 150w, https:\/\/vibram.com.pl\/wp-content\/uploads\/2025\/09\/pol_pl_-Plytki-tarasowe-tloczone-WPC-11-szt-30x30cm-1m2-kolor-tek-113487_1-768x768.jpg 768w\" sizes=\"auto, (max-width: 800px) 100vw, 800px\" \/>\t\t\t\t\t\t\t\t<\/a><figcaption>P\u0142ytki tarasowe<\/figcaption><\/figure>\n","protected":false},"excerpt":{"rendered":"<p>Hurtownia VIBRAM Nie czekaj i zadzwo\u0144 do nas ju\u017c dzi\u015b 512 484 925 Polecane kategorie Listwy ogrodzeniowe Ogrodzenia i bramy Akcesoria kuchenne P\u0142ytki tarasowe<\/p>\n","protected":false},"author":1,"featured_media":9,"parent":0,"menu_order":0,"comment_status":"closed","ping_status":"closed","template":"","meta":{"footnotes":""},"class_list":["post-15","page","type-page","status-publish","has-post-thumbnail","hentry"],"_links":{"self":[{"href":"https:\/\/vibram.com.pl\/index.php?rest_route=\/wp\/v2\/pages\/15","targetHints":{"allow":["GET"]}}],"collection":[{"href":"https:\/\/vibram.com.pl\/index.php?rest_route=\/wp\/v2\/pages"}],"about":[{"href":"https:\/\/vibram.com.pl\/index.php?rest_route=\/wp\/v2\/types\/page"}],"author":[{"embeddable":true,"href":"https:\/\/vibram.com.pl\/index.php?rest_route=\/wp\/v2\/users\/1"}],"replies":[{"embeddable":true,"href":"https:\/\/vibram.com.pl\/index.php?rest_route=%2Fwp%2Fv2%2Fcomments&post=15"}],"version-history":[{"count":28,"href":"https:\/\/vibram.com.pl\/index.php?rest_route=\/wp\/v2\/pages\/15\/revisions"}],"predecessor-version":[{"id":63,"href":"https:\/\/vibram.com.pl\/index.php?rest_route=\/wp\/v2\/pages\/15\/revisions\/63"}],"wp:featuredmedia":[{"embeddable":true,"href":"https:\/\/vibram.com.pl\/index.php?rest_route=\/wp\/v2\/media\/9"}],"wp:attachment":[{"href":"https:\/\/vibram.com.pl\/index.php?rest_route=%2Fwp%2Fv2%2Fmedia&parent=15"}],"curies":[{"name":"wp","href":"https:\/\/api.w.org\/{rel}","templated":true}]}}